{"id":12,"date":"2019-02-11T14:39:56","date_gmt":"2019-02-11T13:39:56","guid":{"rendered":"http:\/\/ateliersarahd.fr\/?page_id=12"},"modified":"2022-02-24T17:55:48","modified_gmt":"2022-02-24T16:55:48","slug":"a-propos-de","status":"publish","type":"page","link":"http:\/\/ateliersarahd.fr\/?page_id=12","title":{"rendered":""},"content":{"rendered":"\n<h2 class=\"has-text-align-center wp-block-heading\"><span style=\"color: #0b6161;\"><b>Artisan d\u2019art&nbsp;:<\/b><\/span> <\/h2>\n\n\n\n<h2 class=\"has-text-align-center wp-block-heading\"><span style=\"color: #0b6161;\"><b>un savoir-faire et des techniques traditionnelles \u00e0 votre service\u200b.<\/b><\/span><\/h2>\n\n\n\n<div class=\"wp-block-group\"><div class=\"wp-block-group__inner-container is-layout-flow wp-block-group-is-layout-flow\">\n<h3 class=\"wp-block-heading\"><span style=\"color: #0b6161;\"><em>\u2026De vieux meubles de familles, un coup de c\u0153ur dans un vide-grenier ou tout simplement envie de changer de d\u00e9coration\u2026 De la simple re-couverture (changement de tissu) \u00e0 la r\u00e9fection compl\u00e8te de vos si\u00e8ges je les transforme et leur redonne une nouvelle vie, selon vos go\u00fbts, dans le respect du <b>savoir-faire traditionnel de la tapisserie d\u2019ameublement.<\/b><\/em><\/span><\/h3>\n<\/div><\/div>\n\n\n\n<p class=\"has-text-align-center\">&nbsp;<\/p>\n\n\n\n<figure class=\"wp-block-gallery has-nested-images columns-default is-cropped wp-block-gallery-1 is-layout-flex wp-block-gallery-is-layout-flex\">\n<figure class=\"wp-block-image is-style-default\"><img loading=\"lazy\" decoding=\"async\" width=\"849\" height=\"1024\" data-id=\"204\" src=\"http:\/\/ateliersarahd.fr\/wp-content\/uploads\/2019\/03\/P_20190331_112113-849x1024.jpg\" alt=\"\" class=\"wp-image-204\" srcset=\"http:\/\/ateliersarahd.fr\/wp-content\/uploads\/2019\/03\/P_20190331_112113-849x1024.jpg 849w, http:\/\/ateliersarahd.fr\/wp-content\/uploads\/2019\/03\/P_20190331_112113-249x300.jpg 249w, http:\/\/ateliersarahd.fr\/wp-content\/uploads\/2019\/03\/P_20190331_112113-768x926.jpg 768w, http:\/\/ateliersarahd.fr\/wp-content\/uploads\/2019\/03\/P_20190331_112113-1200x1447.jpg 1200w, http:\/\/ateliersarahd.fr\/wp-content\/uploads\/2019\/03\/P_20190331_112113.jpg 1440w\" sizes=\"auto, (max-width: 849px) 100vw, 849px\" \/><\/figure>\n<\/figure>\n\n\n\n<p><\/p>\n","protected":false},"excerpt":{"rendered":"<p>Artisan d\u2019art&nbsp;: un savoir-faire et des techniques traditionnelles \u00e0 votre service\u200b. \u2026De vieux meubles de familles, un coup de c\u0153ur dans un vide-grenier ou tout simplement envie de changer de d\u00e9coration\u2026 De la simple re-couverture (changement de tissu) \u00e0 la r\u00e9fection compl\u00e8te de vos si\u00e8ges je les transforme et leur redonne une nouvelle vie, selon [&hellip;]<\/p>\n","protected":false},"author":1,"featured_media":0,"parent":0,"menu_order":0,"comment_status":"closed","ping_status":"closed","template":"","meta":{"footnotes":""},"class_list":["post-12","page","type-page","status-publish","hentry"],"_links":{"self":[{"href":"http:\/\/ateliersarahd.fr\/index.php?rest_route=\/wp\/v2\/pages\/12","targetHints":{"allow":["GET"]}}],"collection":[{"href":"http:\/\/ateliersarahd.fr\/index.php?rest_route=\/wp\/v2\/pages"}],"about":[{"href":"http:\/\/ateliersarahd.fr\/index.php?rest_route=\/wp\/v2\/types\/page"}],"author":[{"embeddable":true,"href":"http:\/\/ateliersarahd.fr\/index.php?rest_route=\/wp\/v2\/users\/1"}],"replies":[{"embeddable":true,"href":"http:\/\/ateliersarahd.fr\/index.php?rest_route=%2Fwp%2Fv2%2Fcomments&post=12"}],"version-history":[{"count":14,"href":"http:\/\/ateliersarahd.fr\/index.php?rest_route=\/wp\/v2\/pages\/12\/revisions"}],"predecessor-version":[{"id":483,"href":"http:\/\/ateliersarahd.fr\/index.php?rest_route=\/wp\/v2\/pages\/12\/revisions\/483"}],"wp:attachment":[{"href":"http:\/\/ateliersarahd.fr\/index.php?rest_route=%2Fwp%2Fv2%2Fmedia&parent=12"}],"curies":[{"name":"wp","href":"https:\/\/api.w.org\/{rel}","templated":true}]}}